uate -10 + (-32 - -3 - -31).
-8
Calculate 1 + -1 + (675 - 695).
-20
What is (163 - 144 - (0 - -3)) + -55?
-39
What is the value of 12 + 13 + -19 - (41 - -1 - 14)?
-22
Evaluate 8 + -12 - ((4 - 8) + -7) - -48.
55
-11 - (9 + (2 - -3 - 20) + -4 + 9)
-10
Evaluate ((4 - 2) + -2 - (-5 + 137)) + (787 - 790).
-135
76 + (-28 - 30) + -32
-14
What is 63 + (14 + -9 + -20 - -7)?
55
Evaluate 0 + -28 - (75 - (153 - 62)) - (-28 + 0).
16
Evaluate 12 + (27 - (-13 + 13 + 7)) - (6 - -3).
23
Evaluate 28 + -12 + 11 + (-1 - 11) + -69.
-54
What is (59 - -16) + (-64 - -69) - -7?
87
127 + (-118 - (26 - 89))
72
Calculate 63 - 53 - -1 - (-6 + -1) - 6.
12
What is -14 - ((70 - (28 + -7)) + -64 - (8 - 1))?
8
(-18 - (106 + 4)) + 87 + -81
-122
(50 - 34 - 4) + (-2 - -2 - 2)
10
What is the value of 280 + -117 - (-33 + 150)?
46
What is -1 - ((101 - 48) + -21)?
-33
What is the value of -14 + 28 - (16 - -7) - (29 - -40)?
-78
Evaluate -62 + (-6 + (-3 - (-16 - -26)) - (-7 + -2)).
-72
Evaluate 3 + -1 + -28 + -20 + (1 - -92) + -19.
28
-33 + 121 + -134 - 72
-118
(-14 - 21) + 14 - (22 + 24 + -25)
-42
Calculate -40 + 27 + -14 + 19 + 2 - (1 - 81).
74
What is the value of 1 + 2 + 0 + -555 + 551 + 9?
8
What is the value of -19 + 0 + (57 + -30 - -25) + -16?
17
-1 + 48 - (-118 + 206)
-41
(43 - -9) + -31 - (-24 + 3)
42
-22 - (1 + 22 + (-11 - -4) + 4 + -6)
-36
-27 + -1 + (-35 + 106 - 43) - (-1 + 74)
-73
Calculate 75 + -56 + 36 + -3 + 10.
62
Evaluate 5 - -10 - (-52 + 31) - (6 - -2).
28
-31 - 3 - (-70 + (48 - 28))
16
Evaluate (22 - (73 - 65)) + -33.
-19
What is (-1 - -6 - 1) + (28 - 32 - -31) + -16?
15
20 - (45 + -83) - (5 - -19)
34
What is the value of (97 - 66) + 27 + 0?
58
What is -2 + -22 + (1466 - 1306) + 2 + -23?
115
What is (-187 - -187) + (-2 - -1 - -1) + 26?
26
What is ((10 - 1) + -1 - (-136 + 158)) + -4 + 114?
96
Calculate (1 - -2) + -47 + (-44 - -72) + -29.
-45
What is (0 - -15) + (18 + -42 - -12) - -6 - -50?
59
Evaluate 68 - (44 + -3) - 47.
-20
What is the value of 50 + -1 - ((-6 - -2) + (-64 - -34) + 42)?
41
(-12 - -12 - 34) + -11 + -47
-92
Calculate (-63 - (-1 + -3 + 2)) + 1828 + -1828 - 2.
-63
-14 - (33 - (-19 + 18 + -3 + -6))
-57
What is (55 - 89) + -28 - -63?
1
-6 - (7 - 9) - (6 + -5 - -4 - 5)
-4
What is -56 + (-17 - -27) - -103?
57
Evaluate (-6 - 10 - -21 - 0 - (3 - -11)) + 63.
54
What is the value of (-1 - 3) + ((16 - 30) + 16 - 1)?
-3
What is -65 + 1 + (900 + -896 - (-12 + 0))?
-48
6 - (-19 + 35 + (-23 - 1)) - (118 + -1)
-103
Calculate 6 + 5 + -4 - (-5 + -19 + 22).
9
Evaluate 87 + (-231 - -5) - -85.
-54
What is the value of -13 + ((-28 - -1) + 13 - -10 - -64)?
47
Calculate 23 + -41 - (-71 - (6 - 8)).
51
Evaluate 101 - ((2 + -6 - -8) + 13 + 1).
83
(-2 - (-3 - -2)) + (49 - (45 + 58))
-55
Calculate 36 - 68 - (9 + 8 + -5).
-44
36 + 23 + 33 - (-33 - -6)
119
Evaluate 2 + -9 - 3 - (135 + (-80 - -6)).
-71
What is (-21 - -17) + 0 + -2 + -23 + 19?
-10
What is -888 + 889 - (0 + -44)?
45
-10 - (-15 + 10 + (-127 - 23) - -9)
136
Evaluate 49 - -176 - 258 - ((-1 - -9) + -1).
-40
What is -95 + (2 - -153) + -152?
-92
What is 94 - (97 + 76) - 22?
-101
-95 - -40 - -107 - 106
-54
Calculate -11 + (20 + 1 + -68 + 59 - (-1 - 57)).
59
What is -29 - ((-12 - (-8 - -3)) + (-5 + -5 - -9))?
-21
What is -11 - (8 + (55 - 44 - (-1 - 1 - -30)))?
-2
What is (6 - 21 - -7) + -11 + 56 + -36?
1
What is 40 + (58 - (-28 + 60))?
66
48 + (3 - ((16 + -17 - (5 + 1)) + 21))
37
What is 113 + -143 + 10 + -8 + -22?
-50
Calculate 11 - 19 - (-20 + 14 + 5 - -19).
-26
What is the value of 18 + (40 - 92) + -12 - (0 + 0 + 6)?
-52
What is 11 + 42 - (-36 + 13 + 35)?
41
Calculate 4 + -7 + 43 - 14.
26
Calculate 39 + (-64 - 64) + 51.
-38
Evaluate 80 + (0 - 4) + 2 + -1 - (-1627 - -1624).
80
What is (1 - -3) + -28 - 5 - (1 - -6)?
-36
What is the value of (-43 - 30) + (15 - 4) + (-10 - 2) + 13?
-61
What is the value of (11 - 1) + -13 + -2 + 8 + -2?
1
(33 - 12) + (117 - 104)
34
What is the value of 43 + -25 + 8 + 17 - -28?
71
What is the value of -4 + 2 + 0 + 33 + (207 - (-188 + 387))?
39
Calculate (-4 + (0 - 49 - -1) - -4) + -11 + 16.
-43
What is (69 - 62) + (-27 - -1) + 53?
34
What is the value of (-9 + 5 - -9) + 4 - (-42 - -72)?
-21
What is -50 - ((8 - 9) + -5 - (-1 - (9 - 10)))?
-44
What is the value of 1 - 21 - (30 + -10 + 7 + -22)?
-25
What is the value of 2 - 9 - (-86 - -96 - 73)?
56
What is the value of -8 + (-88 - -52 - -15)?
-29
Calculate (18 + 4 - -18) + -28.
12
Calculate (-1 - -3) + -4 + (-18 - 43) + -5.
-68
What is 11 - ((15 - (-4 + 1)) + -69 + -6)?
68
Calculate 12 - -2 - ((24 + 3 - 18) + 4 - 6).
7
What is (129 - 68) + (-331 - -164)?
-106
Evaluate -8 - (0 - 7 - (-76 + 89 + -28)).
-16
Evaluate 19 + 18 + (25 - (44 + -27)).
45
What is -4 + (6 + -4 + -1 - -11) - (-301 + 305)?
4
-11 + 8 + 2 + (4 - 6 - -1) + 0
-2
Calculate -6 - (-1 + -43 + -359 + 380).
17
Evaluate 8 + -13 + (16 - 13 - -19) + -97.
-80
Calculate 39 - (-26 + 12) - (1 - -3 - (-8 + 4)).
45
Evaluate -3 + 64 + 3 - (-370 - -174 - -188).
72
What is the value of 0 + 10 + (69 - (3 + -10 + -2))?
88
-88 - -5 - (-7 - 32)
-44
Calculate -19 + 22 + (-2 - 5) + -15.
-19
What is the value of ((-12 - -42) + -22 - -2) + 12?
22
Evaluate 0 + 32 - (-2438 - -2474).
-4
Evaluate (-6 - -4) + 1 + 730 + -774.
-45
What is 14 + -10 + (8 - 3 - 5) - 61?
-57
What is the value of ((-25 - -23) + (4 - 2) + 1 - 41) + -8?
-48
What is 15 - (174 - 239 - (40 - 6))?
114
What is 130 + -34 + 13 + -22 - 24?
63
What is 55 + -60 - (0 - 4) - (-6 + -4 - -8)?
1
Calculate 20 - (89 - 231 - -70).
92
What is (1 - 13) + -122 + (128 - -4)?
-2
72 + (34 - 71) + -28
7
What is 0 - -1 - (31 - (-14 + (16 - 14) + 21))?
-21
What is the value of -1 - (57 - (10 + (-1 + -14 - 4)))?
-67
Calculate 1 + (26 + (3 - 29) - 19).
-18
-341 + 383 - (-1 + 24)
19
Calculate 0 - -11 - (-73 - (-9 + -64)).
11
What is the value of (22 - 9 - -2) + (12 + -7 - 19)?
1
What is the value of (-6 + 6 - -1 - 7) + -20 + 56 + -121?
-91
What is the value of -22 + -16 + 19 + 41 - 14?
8
Calculate (-49 - -68) + -20 - (2 + 34).
-37
Evaluate (11 - ((-2 + 0 - 1) + 5)) + (-4584 - -4611).
36
Calculate -2 + -1 + 9 + (-45 - -78) + -47.
-8
What is the value of -265 + 222 + 10 - (-78 + -1)?
46
What is the value of (17 - 7) + (-7 - 55) + 11?
-41
What is the value of -8 + (-7 - (-4 + (-2 + 0 - (-25 - -23))))?
-11
What is the value of 40 - 140 - -22 - 14?
-92
What is the value of (-1997 + 1991 - (-10 + 0 + 1)) + -33?
-30
(3 - -8 - (21 - 25) - 1) + -76
-62
Calculate -59 + -129 + 92 + -9.
-105
-21 + 34 + (-8 - -7) + 67
79
What is the value of (11 - 5 - 3) + 7 + 124 + -16?
118
Calculate (85 - 10 - 58) + 53.
70
-64 + 12 + (49 - 47)
-50
What is (103 - (86 - -28)) + (49 - 0)?
38
Calculate (-43 - -1) + 0 + (22453 - 22461).
-50
What is -111 + (131 - 85 - 19)?
-84
What is 2 + -33 + (-7 - -6) + 15 + -74?
-91
(-1 - ((-8 - 7) + 28 + -23)) + 73 + -7
75
What is the value of 13 + (-15 - (5 + -7 - -2)) + 73?
71
What is (87 - 4) + (-194 - -197) + (9 - (1 + -1))?
95
Evaluate 28 - (-41 + 168 - 43).
-56
(-1 - -9) + (11 - -2) + 7 + 5
33
What is the value of 2 + -17 + 0 + (8389 - 8383)?
-9
Evaluate 20 + (2 - -1) + -1 + 3495 + -3492.
25
Calculate 45 + 29 + (-48 - -22) + -18.
30
Calculate 6 + -12 + (73 - -2) + 5 - 14.
60
Evaluate (26 - 38) + -9 + 3 + 4 + 0 + 8.
-6
Calculate 40 + -37 + -32 - 0.
-29
What is the value of -7 + (18 - -93) + -87?
17
-23 + 91 - 231 - -49
-114
Calculate 3 + 12 + (-13 - 5) - -3 - (5 + 14).
-19
What is (5 - ((-3 - (12 - 5)) + 1)) + -14?
0
What is the value of 128 - (-26 - -30 - -9 - -17)?
98
What is the value of (-7 - (-14 + 14)) + 59 + (-9 - -3)?
46
Calculate 6 - (4 - -5) - -15 - (-121 - (-11 - -2)).
124
Evaluate -40 - 21 - -107 - -29.
75
(-2 - 7) + (48 - 3 - (9 + 6))
21
-14 - (-32 + 29 + (-12 - (8 - 6)))
3
Calculate (2 - (-23 + 51)) + (2 - 23).
-47
97 - (10 - (-46 + 36 - -26))
103
What is the value of (0 - 10) + -50 + 60 - 3 - (1 - 7)?
3
What is the value of (-13 - 0 - -20) + -1 + -27 + 1?
-20
5 + (1 - 3) - -11 - (1310 - 1299)
3
Evaluate (23 - 93 - -103) + (-3 - (-12 + 0 - 0)).
42
What is the value of -1 + 38 - ((-1 + -26 - -29 - 3) + 5)?
33
What is -54 + -16 + (-5 - -15) + 23?
-37
(-53 - -53) + -6 + 42
36
What is (45 - -2 - (10 - 1 - -2)) + -1?
35
What is -35 + 1 - (111 + 201 + -211)?
-135
Evaluate -81 - (69 + (7 - 105)).
-52
-72 + 45 + -69 + 38
-58
8 + (-5 - -1) + 5 + -3